p is divided by 30/(-4)*j/9.
9
Let u(n) = n**2 - 3*n + 2. Let a be u(2). Suppose 4*l = -a*l - 8, 0 = -5*d - l + 8. Suppose d + 30 = 4*h. Calculate the remainder when 22 is divided by h.
6
What is the remainder when 35 is divided by ((-8)/(-5))/((-18)/(-135))?
11
Let s be 2/7 + 64/(-28). Suppose 4*n - 5 = 3*z, -2*n = -n - 2. What is the remainder when 128/(-2)*z/s is divided by 17?
15
Suppose 3*o + 2*o = 15. Let m = 18 + o. Calculate the remainder when 61 is divided by m.
19
Let a(v) = 58*v**3 + 2*v**2 - v. Suppose -35 = -u + 12. Let j = u - 27. What is the remainder when a(1) is divided by j?
19
Suppose -5*w - 73 = -2*q - 2*w, -230 = -5*q - 2*w. Calculate the remainder when q is divided by (0 + -1 + 0)*-15.
14
What is the remainder when 20*-1*(1 - 3) is divided by 21?
19
Suppose 3*s = 2*s + 15. Let u = 43 + -14. Calculate the remainder when u is divided by s.
14
Let a = 47 - 33. Calculate the remainder when 39 is divided by a.
11
Suppose 0 = s + 3 - 1, -2*s + 41 = 5*n. Calculate the remainder when (1 - 0)*((-130)/(-5) + 0) is divided by n.
8
Let y be ((-600)/(-2))/3 + 2. Calculate the remainder when 63 + (3 - (1 + -1)) is divided by 6/9*y/4.
15
Suppose 33*k - 25*k - 200 = 0. What is the remainder when 46 is divided by k?
21
Let k = -76 - -90. Let q(l) = -5*l - 1. What is the remainder when q(-5) is divided by k?
10
Suppose -5*o - 12 = -97. Let b = 158 - 92. Suppose j - b = -j. What is the remainder when j is divided by o?
16
Calculate the remainder when 4/2 + (-188)/(4 - 8) is divided by 13.
10
What is the remainder when 30 is divided by 42/4 + 6/4 + -1?
8
Let t(s) be the third derivative of s**5/60 + 7*s**4/24 - s**3/2 - 3*s**2. Let z be -10 - (-1 + 2 - 2). Calculate the remainder when 29 is divided by t(z).
14
Let c = 58 + -36. Suppose -o + 19 = 2. Let t = 29 - o. Calculate the remainder when c is divided by t.
10
Let h(y) = y**2 + y + 19. Suppose 2*l - 3 = 19. What is the remainder when h(0) is divided by 8/(-44) + 112/l?
9
Let a(r) = r**3 + 7*r**2 - 10*r + 4. Let b be (-1 - -3)*11/(-2). Let f be 2 + b + 1 + 0. Calculate the remainder when a(f) is divided by 7.
6
Let k be (-1)/6*-4*3. Suppose q - 4 = k. Calculate the remainder when 16 is divided by q.
4
Suppose -17*y + 261 = -215. Calculate the remainder when 139 is divided by y.
27
Suppose 1 = -5*o - b, b = -0*b - 1. Let q = 37 + o. Suppose 0 = 3*z - 5*z + 26. What is the remainder when q is divided by z?
11
Let d = 9 + -14. Let v = -3 - d. What is the remainder when 6 is divided by v?
0
Let q(j) = -2*j. Suppose -13 = f - 4*p, -4*f - 5*p + 16 = -16. Suppose -1 + 10 = -f*x. Calculate the remainder when q(x) is divided by 4.
2
Let m(f) = -38*f - 4. What is the remainder when 100 is divided by m(-1)?
32
Suppose 2*j + 0*j + 15 = p, -3*j - 30 = -3*p. Suppose -r - 40 = -p*r. Suppose -5*k + r*k - 60 = 0. Calculate the remainder when 47 is divided by k.
11
Let c(t) = t**2 - 8*t. Let n be ((-12)/(-10))/((-3)/(-20)). Let m be c(n). Calculate the remainder when 15 is divided by (m - -5)*(-6)/(-5).
3
Let y(b) = b**3 + 3. Let m be y(0). Let d(f) = f + 4*f**2 - 4*f - 3 + f**m + 3*f. What is the remainder when 11 is divided by d(-3)?
5
Suppose 4*v = 20, 111 = l + l + v. Suppose 5*d - d + h - l = 0, 31 = 2*d + 5*h. Calculate the remainder when (-396)/(-8) + 2/(-4) is divided by d.
10
Let d = -19 + 33. Calculate the remainder when 25 is divided by d.
11
Suppose 6 + 3 = 3*g. Suppose g*n = -2*k + 1 + 33, 3*k = -n + 9. What is the remainder when 23 is divided by n?
11
Suppose 5*j - 68 = -4*x, 3*j - 40 + 7 = -5*x. What is the remainder when 45 is divided by j?
13
Let x(h) = h - 1. Let m be x(6). Suppose -96 = -3*v - 2*p, 3*v + 75 = m*v + 5*p. What is the remainder when v is divided by 16?
14
Suppose 2*v - 4*g - 72 = 0, 5*v - 222 = -2*g - 2*g. Let i(r) = -6*r**3 - 3*r**2 - r + 2. Calculate the remainder when i(-2) is divided by 0 + v/(1 + 2).
12
Suppose 4*o - 44 = -4*w, o = -0*o + 5*w + 17. Let a = 9 + -4. What is the remainder when o is divided by a?
2
Let t = 0 + 0. Let s = 0 + t. Suppose -2*d - d + 15 = s. What is the remainder when 9 is divided by d?
4
Let i = 84 - 49. Calculate the remainder when i is divided by 12.
11
Suppose a = 5*j - 55, 0*j = -j + 5*a - 13. Let s(c) = 12*c**2 + c. Calculate the remainder when s(-2) is divided by j.
10
Suppose 2*v = -0*f + 2*f - 14, 3*f = -v + 9. Calculate the remainder when 50 is divided by (16/f)/(-16)*-68.
16
Suppose -w = 3*w - 156. What is the remainder when w is divided by 20?
19
Let i = 172 - 120. Calculate the remainder when i is divided by 27.
25
Suppose 0 = -y - 3*y + 2*c + 8, 3*y + 2*c - 13 = 0. Suppose -21 = -2*r - y. Let l = 34 + -17. What is the remainder when l is divided by r?
8
Let o(q) = -33*q - 3. Let c be o(-3). Suppose 5*i + 6 = c. What is the remainder when i is divided by 7?
4
Suppose 0 = h + h + 8. Let k(f) = -2*f - 6. Let c be k(h). Suppose -2*w - 5*o = -16, 2*w - o - 24 = -c*o. What is the remainder when w is divided by 8?
5
Suppose -2*i + 14 = 6. Suppose 0 = 3*s + 2*j - 115, -20 = -3*j + 8*j. Calculate the remainder when s is divided by (-2)/i*44/(-2).
8
Let n be (-3)/(-6) + (-51)/(-2). Let z = 46 - n. Calculate the remainder when z is divided by 7.
6
Let u(v) = v**2 + 9*v + 17. Calculate the remainder when u(-11) is divided by 10.
9
Suppose 0 = 5*w - 38 - 27. Suppose -32 = -5*v + w. Let i(u) = u**2 - 15*u. Calculate the remainder when i(16) is divided by v.
7
Suppose -3*y = -10*y + 21. What is the remainder when 7 is divided by y?
1
Suppose -17*f = -12*f - 285. Calculate the remainder when f is divided by 20.
17
Let z(h) = h - 2. Let t be z(-7). Let c be (9/(-2))/(6/8). Let r = c - t. What is the remainder when 7 is divided by r?
1
Suppose -2*k - 10 = 0, -4*i + 3*k = -2*i - 31. Suppose 0 = -0*n + 4*n - i. Let v = 6 - 3. What is the remainder when v is divided by n?
1
Let f(g) = -54*g - 33. Calculate the remainder when f(-4) is divided by 46.
45
Suppose 0*k + 4*k + 16 = 0. Let c(g) = -4*g - 1. Let b(w) = 12*w - 16. What is the remainder when b(5) is divided by c(k)?
14
Suppose 4*s = -5*a - 2, 4*a - 5*s - 20 - 3 = 0. Let b(n) = n**2 + 5*n + 4. Let u be b(-4). Suppose -f + u = -2. What is the remainder when f is divided by a?
0
Let n = 8 - 4. Suppose 0 = n*x - 5*x + 25. Calculate the remainder when x is divided by 13.
12
Let y be (-12)/(-2) + -1 + 1. Suppose 28 = 7*o - 3*o. Calculate the remainder when o is divided by y*1*2/4.
1
Let d be 3/(-21) - (-40)/(-14). Let k be (6/18)/((-1)/d). Calculate the remainder when ((-6)/4)/(k/(-2)) is divided by 3.
0
Let q be (26/(-4))/((-1)/10). Suppose -5*m = -0*m - q. Calculate the remainder when 38 is divided by m.
12
Suppose -3 + 19 = 4*j. Let o be (-2)/(-6) - 2100/(-18). Suppose j*n - o - 17 = -2*w, -3*w = 9. Calculate the remainder when n is divided by 9.
8
Suppose 4*p - 5*b - 27 = 0, -3*b - 2 + 5 = 4*p. Let y = 10 - 3. Calculate the remainder when y is divided by p.
1
Suppose -5*b + 0*b = 150. Let v = -22 - b. Let w = -7 - -10. Calculate the remainder when v is divided by w.
2
Let x = 16 + -5. Suppose -2*a + 63 = a. What is the remainder when a is divided by x?
10
Let b = -12 + 6. Let j(a) = 3*a + 2. Let z be j(b). Let q = 26 + z. What is the remainder when q is divided by 3?
1
Let f(p) = -2*p**3 - 2*p**2 - p - 3. Calculate the remainder when 20 is divided by f(-2).
6
Let j = 65 + -47. What is the remainder when 52 is divided by j?
16
Let m(j) = j - 2. Let w be m(4). Calculate the remainder when (4 + -1 + -4)/(4/(-48)) is divided by -14*1/w*-1.
5
Let t(g) = g**2 + 13*g + 6. Calculate the remainder when 16 is divided by t(-13).
4
Suppose 19 = -2*w + 51. Calculate the remainder when w is divided by 4.
0
Suppose f = -4*f. Suppose f = n, 0*h = -h - 4*n + 14. Calculate the remainder when h is divided by 8.
6
Suppose -5*d + 2*t = -0*d - 41, 0 = -5*d - t + 47. What is the remainder when d is divided by 1 + (-4 - (-2 - 0)) + 7?
3
Suppose 5*s - 6 = 149. Suppose s - 151 = -4*y. What is the remainder when y is divided by 8?
6
Suppose t + 50 = 3*h + 5*t, -4*h + 2*t = -74. What is the remainder when h is divided by 4?
2
Let o(q) = q**2 + 5*q + 2. Let m be o(-5). Let z = m - -1. Suppose -4*r = 4*i - 116, -i + 5*i + z*r - 119 = 0. Calculate the remainder when i is divided by 11.
10
Suppose 3*w - 3 = 6. Let y(h) = -